4). Suppose -w - w + 212 = 4*u, w + n*u - 110 = 0. What is the greatest common divisor of 14 and w?
14
Suppose 12 = 4*c, -k - c = -4*k - 555. Let f = 191 + k. Let l(i) = 21*i**2. Let r be l(-1). Calculate the greatest common divisor of f and r.
7
Suppose 0 = -2*i + 108 + 32. Let w = 16023 - 16013. Calculate the greatest common factor of w and i.
10
Let f(i) = -26*i - 14. Let v be f(3). Let m = -26 - v. What is the highest common factor of 44 and m?
22
Let l = 28 + 100. What is the highest common factor of 4 and l?
4
Suppose -54*t + 656 = -100. Calculate the highest common divisor of t and 175.
7
Let j be (-6)/5*60/(-18). Suppose j*s - s - 45 = 0. Suppose 3*h - 4*a = -5*a + 20, 3*h - 4*a = -5. Calculate the highest common factor of s and h.
5
Suppose 2*d + 5*s - 39 = 0, 7 + 18 = 5*s. Let b be (602/(-4))/d*2. Let x = -28 - b. What is the highest common factor of x and 3?
3
Let o be ((-19)/38)/(3/(-66)). Suppose -28 = 5*i - 8, 5*i = -5*z + 420. What is the greatest common factor of z and o?
11
Suppose -17*p + 12 = -15*p. What is the highest common divisor of p and 14?
2
Suppose 8*m = 6*m - z + 101, -5*z = -25. What is the highest common divisor of 3 and m?
3
Suppose -3*l = -0*l - 594. Suppose 0 = 2*m + 2*f - 26, 5*m - 27 = 2*f + 73. What is the greatest common divisor of m and l?
18
Let a be (-1)/(15/(-6)) + (-388)/(-5). Let c be (-3 - 0)/((-3)/39). Calculate the greatest common factor of c and a.
39
Suppose 151 = c - 5*u, -9*c + 227 = -7*c + 5*u. What is the greatest common divisor of c and 28?
14
Let h be (27/(-6))/((-4)/8). Suppose -3*b - g - 6 = 2*g, 3*g = h. Let w = b - -11. What is the greatest common divisor of 6 and w?
6
Let w(u) = -1. Let a(b) = 4*b + 6. Let s(y) = -6*a(y) - 30*w(y). Let f be s(-4). Let n be (f/75)/((-1)/(-10)). What is the greatest common factor of n and 12?
12
Suppose -2*g - 5*a + 1764 = -152, 3*a = g - 936. Calculate the highest common factor of 12 and g.
12
Suppose t = -t + 192. Suppose -k = 2*k + 3*z - 39, -5 = -5*z. Calculate the greatest common divisor of k and t.
12
Let d be (7/((-98)/455))/((-2)/4). Calculate the greatest common divisor of d and 104.
13
Let y be 4*(-4)/8*9. Let q = y - -49. Let w = q - 13. Calculate the greatest common factor of w and 2.
2
Suppose -272 = 4*m - 928. Calculate the highest common divisor of m and 4.
4
Suppose 0 = -6*j - 2*j + 672. Calculate the greatest common divisor of j and 36.
12
Suppose -3*t - 9 = -12, -w + 5*t + 875 = 0. Calculate the highest common factor of w and 88.
88
Suppose -2*f = -11 + 3. Suppose 0*r + 118 = 2*r. Suppose -3 = f*b - r. What is the greatest common factor of 98 and b?
14
Suppose 0 = -4*c - 1 - 3. Let r = 5 + c. Suppose 10 = 5*z, -r*z - 16 + 156 = 2*a. Calculate the greatest common divisor of a and 22.
22
Suppose -2*x + 5*h - 5 = -29, -3*h - 6 = 3*x. Suppose 6*m - 108 = x*m. Calculate the highest common factor of m and 243.
27
Let q be (47 - (-140)/14) + (-5 - 1). Calculate the highest common factor of 663 and q.
51
Let u be (-8)/(-4) - -323 - 4. Calculate the greatest common factor of u and 107.
107
Suppose 5*q + 7 = 22. Let l be q + -2 - (-39)/1. Calculate the highest common factor of 10 and l.
10
Suppose -3*l - 2*l = -175. Let f be -2*(1/(-3) - (-1300)/(-195)). What is the highest common divisor of f and l?
7
Suppose 7*a = 2*a + 630. Let p = 131 - a. What is the greatest common factor of 45 and p?
5
Suppose -5*b + d = 200, 189 = -4*b - 5*d - 0*d. Let s be 1/(-2)*(b - (-5 - -2)). What is the greatest common divisor of s and 171?
19
Let p(d) = -2*d - 29. Let k be p(-17). Suppose -3 = t, t - 4 + 1 = -2*l. Let s be l/((-9)/(-6)) + 3. Calculate the greatest common factor of s and k.
5
Let a(s) = -s. Let b be a(7). Let x = b + 8. Calculate the greatest common factor of x and 4.
1
Suppose -i = 2*c - 4, -81*c = -i - 78*c + 29. Calculate the greatest common divisor of 854 and i.
14
Let c be -2 + -3 + (-84)/(-1). Let o = 117 - c. Let s be 665/63*3*9/5. Calculate the highest common factor of o and s.
19
Let q(s) = s**3 + 6*s**2 + 9*s + 4. Let t be q(-4). Suppose t = -3*z - 0*y + 2*y + 43, 62 = 4*z + 2*y. Calculate the highest common factor of z and 10.
5
Let h = 544 + -540. Suppose 5*z - 16 = 4*g, 3*g = z + 2*z - 9. Calculate the greatest common divisor of z and h.
4
Let l be 45/(-135) - 1551/(-9). Calculate the greatest common divisor of l and 301.
43
Let s = -80 - -138. What is the greatest common divisor of 725 and s?
29
Suppose 4*b - 5 - 3 = -2*j, -2*j + 3*b = -1. Suppose j*c + 572 = -2*c. Let l = c - -209. Calculate the highest common divisor of l and 44.
22
Suppose -4*z = -88 - 32. Let k = z - 8. Calculate the highest common divisor of k and 22.
22
Suppose 3*x = 28 + 98. Let d(o) = -19*o**3 + 2*o**2 + 4*o + 4. Let b be d(-2). Suppose -3*f + x = -b. What is the highest common divisor of 44 and f?
22
Suppose 71 + 69 = 4*k. Let x be 1480/k - 4/14. What is the greatest common divisor of 14 and x?
14
Let i be 52 + -49 - (1 + 0 + -2). Let v be 73/i + 3*(-4)/48. Calculate the highest common divisor of v and 144.
18
Let p(w) = -7*w - 10. Let c be p(-36). Calculate the highest common factor of c and 2.
2
Suppose b = -2*x + 147, -4*x + 5*b = -0*x - 329. Let v = -36 + x. Suppose -t = -v - 59. Calculate the highest common divisor of t and 11.
11
Let x(j) be the third derivative of j**5/30 + 3*j**4/8 - 2*j**3/3 + 23*j**2. Let k be x(5). What is the greatest common divisor of 7 and k?
7
Let d = 1077 - 1012. What is the highest common factor of 117 and d?
13
Let m(n) = -9*n**3 - n**2 - 3*n - 3. Let b be m(-2). Let f = b - 35. Calculate the highest common factor of f and 252.
36
Let p = -12 + 21. Let a(m) = m**2 - 8*m + 4. Let v be a(7). Let y = 4 + v. Calculate the greatest common divisor of p and y.
1
Suppose 17*l + 68 = 15*l. Let m = l + 255. Calculate the highest common divisor of m and 13.
13
Let a be -3 + (-22 - (-2 - 2)). Let s = a + 77. What is the highest common divisor of s and 14?
14
Suppose -4*u + o = -1987, 8*u = 11*u + 2*o - 1493. Suppose 0 = -16*m + u + 79. Calculate the highest common divisor of m and 63.
9
Suppose 0 = 4*f + 2*n - 110, -5*f = -19*n + 17*n - 151. What is the highest common divisor of 319 and f?
29
Let l(q) = -2*q**3 + 4*q. Let k be l(-2). Calculate the greatest common factor of k and 40.
8
Let w(y) = 424*y + 26. Let s be w(1). Calculate the greatest common factor of 36 and s.
18
Let h be ((-2)/(-1))/((-3)/(-96)). Let n = 50 + h. Suppose -4*s + n = -22. What is the highest common factor of s and 51?
17
Let w(u) = -u**3 + 6*u**2 - 5*u - 2. Let f be w(5). Let z(h) = -58*h - 14. Let o be z(f). What is the greatest common divisor of o and 153?
51
Suppose 3*z - 395 = -n, -2*z - 2*z + 2*n + 530 = 0. Let g(y) = -7 - 4*y - 7 + 18. Let r be g(-2). What is the highest common factor of z and r?
12
Suppose 4*z - 76 = -4*r, 0 = -4*r - 5*z + 57 + 18. Let w be 2454/3*4/(7 - -1). Suppose 0 = -4*c + w + 231. Calculate the highest common divisor of r and c.
20
Let n = 210 - 113. Let p = -431 - -603. Let g = p - n. What is the highest common divisor of g and 30?
15
Suppose 335 = 22*c - 2085. Calculate the highest common divisor of 44 and c.
22
Let h be (0 + 3/6)*8. Let b be (-35)/(-3) + h/6*-1. Calculate the greatest common factor of 22 and b.
11
Let j = -1 + 4. Let w be 0/6 + j*121. Suppose -5*l + 1363 - w = 0. Calculate the greatest common divisor of 25 and l.
25
Suppose 151 = 3*r + f - 746, -4*r + 1197 = f. Calculate the greatest common divisor of 225 and r.
75
Let n(d) = -d - 10. Suppose 5*i = -96 - 104. Let t = i + 26. Let x be n(t). Calculate the highest common divisor of x and 44.
4
Suppose h + 0 = -1. Let i be (-102)/(-4) - h/(-2). Let d(r) = -2*r**3 - 13*r**2 - r - 6. Let q be d(-7). Calculate the highest common factor of q and i.
25
Let v(u) = u**2 + 20*u - 45. Let z be v(-22). Let w be (47 - 44)/((-2)/6*z). What is the highest common factor of w and 3?
3
Let w be (-3)/(-9) - 1945/(-15). What is the greatest common factor of w and 30?
10
Suppose 4*f - g = 223, -3*f - g + 162 = -0*f. Suppose 0 = 3*k - 4*t - f, -3*k + 4*t = 3*t - 61. What is the greatest common divisor of k and 21?
21
Suppose -2*g - f = -135, -g = -0*f + f - 69. Calculate the highest common divisor of 572 and g.
22
Let z(s) = -7*s - 4. Let l be z(-3). Let w = l + -16. Let g = 47 + w